t t(m) = -3*m**2 + 7*m + 2. Let n(a) = -6*a**2 + 15*a + 5. Let d(u) = -4*n(u) + 9*t(u). Determine d(i).
-8
Let j(p) = -p**2 + 6*p + 14. Let d be j(7). Let w(a) = -a + 3. Give w(d).
-4
Let c(q) be the second derivative of q**5/20 - q**4/12 - 5*q**3/6 + 3*q**2/2 - 2*q. Suppose -4*g = -3*n - n - 20, 4 = -2*g - 5*n. Determine c(g).
6
Let d(k) be the first derivative of k - 5/3*k**3 - 2 - 1/2*k**2 - 1/4*k**4. Give d(-5).
6
Let k(q) be the third derivative of -q**4/24 - 7*q**3/6 + 5*q**2. Suppose -5*v - 31 = 14. Let i = 6 + v. What is k(i)?
-4
Let s(m) = 4*m**2 + m**3 + 0 + 2 - 7*m**2 + m**3. Calculate s(2).
6
Let s be (-3)/((-12)/(-9) - 1). Let p be -10*(s/(-15) - 1). Let h(q) = p*q**3 + 1 - q**2 - 5*q**3 + 1. Calculate h(-2).
6
Let q(y) = -y**2 + y + 3. Let i be (1 + -4)/(0 - (-1 - 0)). Determine q(i).
-9
Let u = 11 + -12. Let b be -1 - (-4 + 6/3). Let q(j) = 7*j - 4*j + b + 0*j. Determine q(u).
-2
Let r(x) = -x**3 - 6*x**2 - x - 2. Let f be r(-6). Let p(b) = 3*b + 2*b + f*b**2 - 5*b**2. Give p(4).
4
Let i(b) = b**3 + b**2 - b - 1. Suppose 4*k + 6 = k. Let o be (-3 + (-7)/(-1))/k. Determine i(o).
-3
Let d be 7/(-2)*80/(-28). Let m be (-72)/d - 4/(-20). Let j(v) = -v**2 - 8*v - 6. Determine j(m).
1
Let g = -15 + 9. Let q(c) = 4*c - 2. Let t be q(3). Let f = g + t. Let a(j) = j + 1. Give a(f).
5
Let z(a) = a + 1. Let r(d) = 2*d**2 + 3. Let s(f) = r(f) - 4*z(f). Give s(3).
5
Let p(s) = -s**2 - 37*s + 33*s + 2*s**2. What is p(3)?
-3
Let y(h) = 1 - h + 2*h + 3*h**2 + h**2 - 3*h**2. Let o(j) be the third derivative of -j**5/30 + j**4/8 + 2*j**2. Let p(w) = o(w) + y(w). Give p(4).
1
Let m(v) = -2*v + 2. Let y(h) = h**2 - 2. Suppose 4*x = -x + 10. Let t be y(x). Give m(t).
-2
Let r(h) = 18*h**3 - h**2 - 2*h - 4. Let l(k) = 53*k**3 - 3*k**2 - 6*k - 11. Let o(v) = -3*l(v) + 8*r(v). Determine o(-1).
15
Let a(v) = 6*v - 3. Let w be -3*(-2)/6 + 1*2. Determine a(w).
15
Let s(b) = 6*b**3 + b**2 - b - 1. Suppose -d + 5 = -3*x, 3*d = d - 4*x. Let a = 34 - 31. Suppose a*q = -d - 1. Calculate s(q).
-5
Let n(w) = w**2 + 5*w - 1. Suppose j - 25 = 6*j. Calculate n(j).
-1
Suppose 14 - 4 = -s. Let v(i) = i**3 + 9*i**2 - 9*i + 5. What is v(s)?
-5
Let p(j) = -j + 1. Let w(f) = f - 1. Let n(y) = -5*p(y) - 3*w(y). Let v = -5 - -7. Calculate n(v).
2
Let d be (1 - 0)*-5*1. Let g(h) be the third derivative of -h**6/120 - h**5/12 + 7*h**3/6 + 2*h**2. What is g(d)?
7
Let d(j) = j + 6. Suppose -b + 2*n + 6 = -0*b, 3*b = 3*n + 3. Give d(b).
2
Let p = -6 - 1. Let m be (-3)/(-6)*(p - -3). Let w(y) = y**2 - 2. What is w(m)?
2
Let f(b) be the third derivative of -b**4/24 + b**3/2 - 5*b**2. Give f(3).
0
Let y be 2/(-5) - (-3)/(-5). Let g(m) = -25*m**2 + m**3 + 26*m**2 - m + 3*m**3 - 1. Determine g(y).
-3
Let q(r) = r**3 + 4*r**2 - 5*r - 6. Suppose -o + 1 - 12 = 0. Let u(z) = z**2 + 11*z - 5. Let k be u(o). Determine q(k).
-6
Suppose 0 = 4*h + 5 - 13. Let v(r) = 13 + 3*r + 5 - 3 - r**h + 7*r. Let t be v(11). Let a(p) = -p. Give a(t).
-4
Let m(s) = -4*s**3 - 11*s**2 + 4*s - 2. Let y be m(-3). Let z(j) = -2*j - 1. Determine z(y).
9
Let x(o) = -7*o + 2. Let y(u) = -4*u + 1. Let g(d) = -6*x(d) + 11*y(d). Calculate g(-2).
3
Let s(f) = 3*f - 6. Let v(y) = -4*y + 7. Let t(d) = 3*s(d) + 2*v(d). What is t(-4)?
-8
Let l(j) = -3*j + 22. Let r(m) = -2*m + 15. Let f(d) = -5*l(d) + 8*r(d). What is f(7)?
3
Let t(n) = -5 - n**2 + 0*n**2 - 9*n + 4. Suppose -a + 5*f = -2 - 3, 2*f - 6 = 2*a. Let c(j) = j**2 + 10*j + 2. Let b(g) = a*c(g) - 6*t(g). Calculate b(-4).
-4
Suppose 0*q + 2*q - 2 = 0. Let p(o) = -5*o**2 - q - 2*o**2 + o - 3*o**2. Determine p(1).
-10
Let v(n) = -4 - 5*n + 2*n**2 + 2 + 2 - 3. Determine v(4).
9
Let z(r) be the third derivative of -r**7/120 + r**6/360 - r**4/24 - 2*r**3/3 - 4*r**2. Let k(v) be the first derivative of z(v). Determine k(1).
-7
Let d be 14/2*1*4/14. Let x(a) = 2*a**2 - 2*a - 1. What is x(d)?
3
Suppose -7*k - 24 = -3*k. Let t(x) = 3*x**3 - 8*x**2 + 6*x + 1. Let a(n) = 2*n**3 - 7*n**2 + 5*n + 1. Let i(j) = k*a(j) + 5*t(j). Calculate i(1).
4
Let p(q) = 2 - 1 + 9*q**3 + 12*q**3 - 20*q**3 - 5*q**2. Suppose 5*a = k + 2*a - 13, 3*k + a = -11. Let l be -5*((-4)/k + -3). Determine p(l).
1
Let v(d) = 2*d**2 - 4*d**2 + 1 + d**2 - 2*d. Let j = 6 - 4. Suppose -j*n + 4*a = -0 - 12, 2*a = -n - 10. Determine v(n).
1
Let p(f) be the third derivative of -4*f**2 + 7/6*f**3 + 0*f + 0 - 7/24*f**4 + 7/60*f**5 - 1/120*f**6. Calculate p(6).
1
Let u(d) = -d**2 + 6*d - 4. Let p = -31 + 34. Calculate u(p).
5
Let n(v) be the third derivative of -v**5/60 - 7*v**4/24 - v**3/6 + 3*v**2 + 6*v. Determine n(-7).
-1
Let p(h) = 21*h**3 + 1. Suppose -r + 5 = -5*a, -2*r + 4 = -4*a - 7*r. Determine p(a).
-20
Let f = 47 + -47. Let p(w) = w + 11. Give p(f).
11
Let u(p) = -3*p**2 - 11*p - 14. Let z(b) = b**2 + 4*b + 5. Let s(v) = 3*u(v) + 8*z(v). Suppose -4*o - 4*o = -3*o. Give s(o).
-2
Let h(n) = -n**3 + 3*n**2 + 3*n - 5. Let k(g) = -3*g**3 - 1. Let c be k(-1). Let l = c + 2. Suppose 0 = -3*j - t - 4*t + 22, 8 = l*t. Give h(j).
-9
Let z(f) be the third derivative of f**7/840 - f**6/120 - f**5/120 + f**4/24 + f**3/3 + 3*f**2. Let h(k) be the first derivative of z(k). What is h(3)?
-2
Let n be 2/(-8) - 7/4. Let f(q) be the third derivative of q**6/120 + q**5/30 + q**4/8 + 50*q**2 + 1. Give f(n).
-6
Suppose 4*j - j = -3. Let r = -8 - -10. Let a(n) = 1 + n**3 + n - n**2 + 0*n**2 + r*n**2. Give a(j).
0
Let k(m) be the second derivative of m**6/720 - m**5/40 - m**4/4 - m. Let x(s) be the third derivative of k(s). Calculate x(-3).
-6
Let i(h) = h**3 + 11*h**2 + 10*h + 2. Let a be i(-10). Let s(t) be the first derivative of -3 - 1/2*t**a + 0*t. What is s(-1)?
1
Let r(n) = n**2 - 7*n + 6. Let k be r(5). Let c(y) = -y**2 - 5*y - 6. Let q(t) be the first derivative of t - 1. Let h(v) = -c(v) - 4*q(v). Give h(k).
-2
Let p be 3 - (3 + (-42)/12). Let x(a) be the second derivative of 5*a - 1/6*a**3 + p*a**2 + 0. What is x(4)?
3
Let y = -11 - -16. Let k(m) = m - m**3 + 0*m**3 + 0*m**3 - 1 - 4*m - y*m**2. What is k(-4)?
-5
Let o(d) = d**3 + 8*d**2 - d - 10. Let k be o(-8). Let j(n) be the third derivative of -n**6/120 - n**5/30 - n**4/12 + n**2. Calculate j(k).
4
Let b(j) = -2*j - 1. Let t be b(-3). Let y(p) = -p**2 - p**2 + p**3 + p**2 + t + 5*p - 4*p. Suppose -4*i = -2*u - 6, 7 = 3*i - 2*u + 1. Give y(i).
5
Suppose 3*r + 0*r - 9 = 0. Let x be (3 - r) + (-1)/1. Let b(c) = 10*c. Determine b(x).
-10
Let x(c) be the second derivative of -c**6/60 - c**5/120 + 7*c**3/6 + 2*c. Let h(n) be the second derivative of x(n). What is h(-1)?
-5
Suppose -18 = 3*a - 4*x, 2 = -a + 5*x - 15. Let h(d) = d**3 + 3*d**2 + 2*d - 2. What is h(a)?
-2
Let z = 12 + -11. Let c(i) = -i + 4*i - 127*i**2 + z + 126*i**2. What is c(4)?
-3
Suppose 12 = 5*z - 3. Let l(w) = 2 + w + 2*w**3 - 5*w**3 - 2*w**2 + 2*w**z. What is l(-2)?
0
Let f(s) = s**3 + 4*s**2 + 2*s. Let h = 5 + 13. Let n = -21 + h. Give f(n).
3
Let j(g) = -g**3 + 6*g**2 + 3*g - 6. Let a be 1 + (8/44 - 212/(-44)). Give j(a).
12
Let n be (5/(-3))/(2 - 14/6). Let a(f) = -f**3 + 4*f**2 + 4*f + 5. Determine a(n).
0
Let r(k) be the third derivative of -5/6*k**3 + 0 + 0*k - 1/12*k**5 - 2*k**2 + 1/6*k**4 + 1/120*k**6. Calculate r(4).
-5
Suppose 9 = 3*h - 0*h. Let p(c) = c + 7. Let l be p(-4). Let r(m) = 4*m**2 - 4*m - 3*m**2 + l + 3*m. Determine r(h).
9
Let h be 2 + (-9)/3 - (-1 + -4). Let u(z) = 2*z + 2. Let a(g) = 1. Let f(i) = -4*a(i) + u(i). Calculate f(h).
6
Let w(q) = -7 + 4 - 8 - q - 2. Determine w(0).
-13
Let t(d) = d**3 - 4*d**2 - 5*d + 5. Let i be t(5). Suppose -i*a = -2*a + 24. Let q(o) = -o + 3. Calculate q(a).
11
Let k(y) be the third derivative of y**8/20160 - y**6/80 - y**5/20 + 4*y**2. Let l(c) be the third derivative of k(c). Determine l(0).
-9
Let o = -4 + 7. Let w(m) be the third derivative of m**5/60 - m**4/24 + m**3/2 + m**2. Give w(o).
9
Let b(s) = 2*s**2 + 2*s + 1. Let m = 2 - 2. Let x(r) = -r**2 + r - 1. Let d be x(m). Determine b(d).
1
Let d(n) = 5*n - n**3 - 8 + 0*n**3 + 3 - 4*n**2. Determine d(-5).
-5
Let k(o) be the second derivative of -o**4/12 + 4*o**3/3 + 3*o**2 + 12*o. Determine k(8).
6
Let u = 13 + -12. Let s(a) be the second derivative of a**3/3 - 3*a. Give s(u).
2
Let h = -23 - -28. Let s(u) = -2*u**2 + 7*u + 2. What is s(h)?
-13
Let t(g) = 11*g - 1. Let y(b) = -b**3